{"id":58,"date":"2016-11-20T08:52:01","date_gmt":"2016-11-20T08:52:01","guid":{"rendered":"http:\/\/maestrojubilado.es\/?page_id=58"},"modified":"2024-06-05T20:56:16","modified_gmt":"2024-06-05T20:56:16","slug":"contraportada","status":"publish","type":"page","link":"http:\/\/maestrojubilado.es\/?page_id=58","title":{"rendered":"CONTACTO"},"content":{"rendered":"<ul>\n<li style=\"text-align: left;\"><strong>Asociaci\u00f3n Residencia Hogar del Maestro Jubilado <\/strong><\/li>\n<li style=\"text-align: left;\"><strong>Direcci\u00f3n<\/strong> Plaza General Vara del Rey, 9 -28005 Madrid<\/li>\n<li style=\"text-align: left;\"><strong>M\u00f3vil<\/strong> 682037907<\/li>\n<li style=\"text-align: left;\"><strong>P\u00e1gina web<\/strong> http:\/\/maestrojubilado.es<\/li>\n<li><strong>Blog de actividades<\/strong> https:\/\/arhmaestrojubilado.blogspot.com\/<\/li>\n<li style=\"text-align: left;\"><strong>Correo electr\u00f3nico<\/strong> asomaereshogar@gmail.com<\/li>\n<\/ul>\n","protected":false},"excerpt":{"rendered":"<p>Asociaci\u00f3n Residencia Hogar del Maestro Jubilado Direcci\u00f3n Plaza General Vara del Rey, 9 -28005 Madrid M\u00f3vil 682037907 P\u00e1gina web http:\/\/maestrojubilado.es Blog de actividades https:\/\/arhmaestrojubilado.blogspot.com\/ Correo electr\u00f3nico asomaereshogar@gmail.com<\/p>\n","protected":false},"author":1,"featured_media":0,"parent":0,"menu_order":0,"comment_status":"closed","ping_status":"closed","template":"","meta":{"footnotes":""},"class_list":["post-58","page","type-page","status-publish","hentry"],"_links":{"self":[{"href":"http:\/\/maestrojubilado.es\/index.php?rest_route=\/wp\/v2\/pages\/58","targetHints":{"allow":["GET"]}}],"collection":[{"href":"http:\/\/maestrojubilado.es\/index.php?rest_route=\/wp\/v2\/pages"}],"about":[{"href":"http:\/\/maestrojubilado.es\/index.php?rest_route=\/wp\/v2\/types\/page"}],"author":[{"embeddable":true,"href":"http:\/\/maestrojubilado.es\/index.php?rest_route=\/wp\/v2\/users\/1"}],"replies":[{"embeddable":true,"href":"http:\/\/maestrojubilado.es\/index.php?rest_route=%2Fwp%2Fv2%2Fcomments&post=58"}],"version-history":[{"count":22,"href":"http:\/\/maestrojubilado.es\/index.php?rest_route=\/wp\/v2\/pages\/58\/revisions"}],"predecessor-version":[{"id":912,"href":"http:\/\/maestrojubilado.es\/index.php?rest_route=\/wp\/v2\/pages\/58\/revisions\/912"}],"wp:attachment":[{"href":"http:\/\/maestrojubilado.es\/index.php?rest_route=%2Fwp%2Fv2%2Fmedia&parent=58"}],"curies":[{"name":"wp","href":"https:\/\/api.w.org\/{rel}","templated":true}]}}